 14) in base 10?
9
Convert -5 (base 11) to base 12.
-5
What is -223 (base 7) in base 2?
-1110011
132 (base 4) to base 14
22
22 (base 7) to base 13
13
Convert 225 (base 7) to base 12.
99
110122 (base 3) to base 11
290
-66 (base 15) to base 6
-240
-78 (base 9) to base 13
-56
Convert -21 (base 6) to base 13.
-10
What is 4c (base 15) in base 12?
60
What is 4 (base 15) in base 12?
4
What is 6 (base 15) in base 12?
6
Convert -634 (base 7) to base 8.
-477
Convert 5 (base 9) to base 13.
5
Convert -2 (base 16) to base 14.
-2
What is 3 (base 16) in base 6?
3
Convert -4 (base 8) to base 6.
-4
Convert -12 (base 4) to base 9.
-6
Convert -10 (base 11) to base 14.
-b
What is -231 (base 8) in base 10?
-153
-108 (base 12) to base 13
-b9
Convert 6 (base 8) to base 9.
6
Convert -10 (base 3) to base 14.
-3
Convert 0 (base 6) to base 12.
0
Convert -10 (base 2) to base 9.
-2
What is 100 (base 4) in base 10?
16
What is -6 (base 14) in base 13?
-6
What is 11 (base 3) in base 8?
4
Convert 101001 (base 2) to base 9.
45
Convert aa (base 12) to base 13.
a0
Convert 0 (base 15) to base 9.
0
What is 3 (base 13) in base 16?
3
Convert 9 (base 10) to base 13.
9
40 (base 5) to base 12
18
2 (base 15) to base 3
2
What is -52 (base 8) in base 9?
-46
What is 1 (base 2) in base 13?
1
Convert 166 (base 7) to base 14.
6d
-2 (base 13) to base 12
-2
What is -1 (base 15) in base 7?
-1
-1221 (base 3) to base 16
-34
-3 (base 10) to base 8
-3
Convert 3 (base 9) to base 6.
3
What is -364 (base 7) in base 9?
-234
What is 23 (base 6) in base 2?
1111
Convert -221 (base 9) to base 10.
-181
-1 (base 3) to base 11
-1
Convert 2 (base 4) to base 5.
2
What is -30 (base 6) in base 12?
-16
What is -41 (base 5) in base 6?
-33
What is 144 (base 10) in base 4?
2100
What is -2 (base 16) in base 12?
-2
Convert -130 (base 4) to base 12.
-24
Convert b (base 15) to base 6.
15
What is 3 (base 15) in base 2?
11
-79 (base 14) to base 8
-153
3a (base 12) to base 11
42
What is 11 (base 5) in base 15?
6
-11111000 (base 2) to base 13
-161
Convert 43 (base 8) to base 15.
25
What is 1 (base 15) in base 13?
1
13 (base 5) to base 10
8
What is -1001 (base 2) in base 7?
-12
Convert -13 (base 14) to base 5.
-32
-1 (base 10) to base 2
-1
What is 21 (base 4) in base 16?
9
What is -505 (base 6) in base 8?
-271
What is 24 (base 9) in base 2?
10110
What is -6d (base 15) in base 7?
-205
Convert -1a (base 16) to base 14.
-1c
-11 (base 6) to base 14
-7
-11 (base 16) to base 14
-13
Convert 0 (base 15) to base 9.
0
Convert 9 (base 14) to base 3.
100
What is 2 (base 5) in base 3?
2
Convert 244 (base 7) to base 12.
aa
110 (base 5) to base 3
1010
-98 (base 16) to base 13
-b9
Convert -240 (base 5) to base 11.
-64
-153 (base 7) to base 14
-63
-7 (base 16) to base 12
-7
Convert 1211 (base 4) to base 9.
122
Convert -7b (base 14) to base 12.
-91
Convert -101 (base 4) to base 15.
-12
-3 (base 7) to base 13
-3
121 (base 8) to base 6
213
Convert -2 (base 12) to base 6.
-2
-2 (base 5) to base 12
-2
Convert 1100 (base 2) to base 16.
c
What is 235 (base 10) in base 12?
177
What is 1 (base 12) in base 15?
1
Convert 106 (base 8) to base 13.
55
Convert -29 (base 10) to base 6.
-45
What is 98 (base 16) in base 14?
ac
-1 (base 10) to base 16
-1
Convert 133 (base 9) to base 14.
7d
-2 (base 3) to base 10
-2
What is -45 (base 7) in base 12?
-29
30 (base 8) to base 15
19
-4 (base 16) to base 14
-4
12 (base 6) to base 15
8
Convert 10 (base 5) to base 4.
11
What is 1 (base 10) in base 14?
1
-10 (base 2) to base 16
-2
What is 2 (base 5) in base 15?
2
What is 1 (base 10) in base 11?
1
What is 1 (base 8) in base 12?
1
Convert -9 (base 11) to base 10.
-9
1a (base 15) to base 9
27
Convert b (base 16) to base 6.
15
100 (base 2) to base 6
4
What is -142 (base 9) in base 12?
-9b
What is -a (base 14) in base 10?
-10
What is -118 (base 12) in base 11?
-13a
-2 (base 9) to base 16
-2
What is -12 (base 11) in base 8?
-15
110 (base 2) to base 15
6
33 (base 9) to base 8
36
What is -3 (base 8) in base 13?
-3
What is -123 (base 10) in base 9?
-146
What is -3020 (base 4) in base 11?
-172
Convert 3 (base 4) to base 6.
3
-63 (base 10) to base 15
-43
10 (base 3) to base 12
3
Convert 2 (base 13) to base 8.
2
4 (base 5) to base 10
4
Convert -3 (base 5) to base 8.
-3
Convert 3 (base 8) to base 3.
10
What is -72 (base 16) in base 2?
-1110010
What is 10000010 (base 2) in base 6?
334
-4 (base 14) to base 7
-4
-80 (base 12) to base 15
-66
Convert 15a (base 15) to base 9.
374
What is 7 (base 13) in base 5?
12
What is 2 (base 16) in base 13?
2
27 (base 8) to base 15
18
What is -1 (base 12) in base 6?
-1
What is -121 (base 3) in base 14?
-12
What is 39 (base 10) in base 6?
103
What is 110222 (base 3) in base 11?
299
-7 (base 10) to base 4
-13
What is -7 (base 10) in base 3?
-21
Convert -1 (base 4) to base 8.
-1
Convert -113 (base 4) to base 7.
-32
What is -1 (base 14) in base 3?
-1
What is 3 (base 14) in base 4?
3
-1 (base 2) to base 9
-1
What is -1 (base 13) in base 6?
-1
What is -142 (base 14) in base 13?
-167
Convert -2 (base 16) to base 7.
-2
Convert 146 (base 9) to base 16.
7b
What is 10 (base 3) in base 14?
3
Convert -5a (base 15) to base 16.
-55
What is -20 (base 4) in base 15?
-8
What is 148 (base 9) in base 8?
175
203 (base 5) to base 16
35
-11000 (base 2) to base 7
-33
What is -12 (base 8) in base 15?
-a
What is 101 (base 3) in base 6?
14
What is -9e (base 15) in base 4?
-2111
What is 11 (base 6) in base 7?
10
Convert 5 (base 10) to base 9.
5
What is -103 (base 7) in base 12?
-44
-10 (base 8) to base 10
-8
Convert -68 (base 12) to base 14.
-5a
What is 18 (base 14) in base 10?
22
Convert -61 (base 8) to base 12.
-41
What is -7 (base 16) in base 5?
-12
Convert 4 (base 9) to base 7.
4
101010101 (base 2) to base 3
110122
-3 (base 14) to base 6
-3
Convert 54 (base 10) to base 9.
60
What is 1 (base 8) in base 14?
1
What is 412 (base 7) in base 5?
1310
What is -203 (base 11) in base 12?
-185
-8 (base 10) to base 2
-1000
101 (base 2) to base 7
5
What is -111 (base 4) in base 5?
-41
Convert -1 (base 10) to base 14.
-1
-51 (base 11) to base 15
-3b
Convert 261 (base 10) to base 13.
171
What is -2012 (base 3) in base 10?
-59
What is -241 (base 5) in base 3?
-2122
-122 (base 4) to base 8
-32
What is -14 (base 10) in base 16?
-e
Convert 1 (base 6) to base 4.
1
Convert 84 (base 15) to base 10.
124
20 (base 11) to base 12
1a
10100 (base 2) to base 12
18
What is -10 (base 12) in base 6?
-20
-2 (base 4) to base 8
-2
What is 6 (base 8) in base 11?
6
Convert -122 (base 9) to base 13.
-7a
Convert 0 (base 16) to base 9.
0
-12 (base 13) to base 11
-14
0 (base 6) to base 7
0
Convert -2 (base 9) to base 4.
-2
What is -5 (base 16) in base 8?
-5
What is 1220 (base 3) in base 7?
102
Convert -140 (base 6) to base 9.
-66
Convert 10010011 (base 2) to base 11.
124
2 (base 13) to base 11
2
What is -3 (base 7) in base 2?
-11
Convert -5 (base 13) to base 3.
-12
What is 155 (base 6) in base 7?
131
-8 (base 12) to base 3
-22
Convert -346 (base 8) to base 3.
-22112
Convert 74 (base 15) to base 8.
155
What is -1 (base 9) in base 6?
-1
53 (base 6) to base 13
27
-313 (base 11) to base 10
-377
What is 9 (base 16) in base 8?
11
Convert 10111001 (base 2) to base 6.
505
What is -25 (base 9) in base 14?
-19
-10 (base 8) to base 7
-11
313 (base 6) to base 12
99
Convert 8 (base 12) to base 15.
8
What is -4 (base 7) in base 5?
-4
-30 (base 9) to base 14
-1d
88 (base 9) to base 16
50
What is -22 (base 3) in base 11?
-8
What is -6 (base 15) in base 7?
-6
-1 (base 12) to base 16
-1
Convert -6 (base 7) to base 15.
-6
-5 (base 9) to base 15
-5
What is -10 (base 7) in base 10?
-7
c6 (base 14) to base 7
336
4 (base 9) to base 6
4
What is -3 (base 13) in base 15?
-3
2 (base 6) to base 7
2
What is -99 (base 15) in base 12?
-100
Convert 80 (base 15) to base 2.
1111000
-21 (base 4) to base 15
-9
What is 8 (base 10) in base 15?
8
4 (base 13) to base 8
4
211 (base 4) to base 15
27
1 (base 2) to base 4
1
Convert 2 (base 4) to base 7.
2
Convert 7 (base 8) to base 14.
7
0 (base 10) to base 15
0
Convert 1 (base 14) to base 3.
1
121 (base 4) to base 2
11001
What is -9 (base 16) in base 7?
-12
Convert -11 (base 2) to base 13.
-3
Convert 76 (base 8) to base 3.
2022
Convert -10 (base 6) to base 10.
-6
What is -3 (base 4) in base 2?
-11
What i